-3 + 7
6
Evaluate 4 + -1 + 0 + 0 + 0.
3
Evaluate (-2 - -3) + -2 + 15 + -20.
-6
Calculate -6 + -2 + 11 - 7.
-4
What is 5 + -1 + -3 - -2?
3
What is (2 - -5) + -3 - 10?
-6
Calculate -23 - (-18 + 13 + -8).
-10
Evaluate (25 - 24) + (-1 - -3).
3
(-10 - -10) + 5 + (-3 - 0)
2
What is (5 + -4 - -1) + -3 + 0?
-1
Calculate (-6 - -1) + (0 - -6) - 0.
1
Evaluate (0 - (-1 + -1 + 0)) + 3.
5
What is the value of 51 - 47 - (3 + 1)?
0
What is the value of -4 + 3 + -5 - -3?
-3
-5 + 7 + 0 - 4
-2
Evaluate (11 - (18 - 11)) + -11.
-7
What is the value of -3 + (3 - 1) + 4?
3
What is 4 + -6 + 6 + -3?
1
What is -2 + 5 + 0 - (-2 + -3)?
8
What is -18 - -4 - (0 - 7) - -5?
-2
What is the value of -2 - (4 - (-5 + 4 - -6))?
-1
Evaluate -8 - (-2 - (3 + -3)).
-6
Evaluate (-4 + 10 - -2) + -5 + 3.
6
8 + (-1 - (-6 + 5)) + 0
8
What is the value of (-2 - -1) + (-4 - 1) + 9?
3
8 + (-11 - (-8 + 6))
-1
Calculate 4 - -5 - 2 - 4.
3
What is (-5 - 1) + (-10 - -13) + -1?
-4
Calculate 3 - 11 - (1 + -5 + 0).
-4
5 - (9 + -13) - 4
5
Calculate 11 - ((-10 - -9) + 11).
1
What is the value of -2 - (6 - (3 + 3)) - -6?
4
Evaluate 5 - (4 + -3 - -3).
1
Calculate 1 - ((-4 - -6) + -1).
0
-29 - -19 - (-7 + 2)
-5
What is -2 + (-6 - (-2 - 8))?
2
Calculate (2 - (5 + 2)) + (0 - -3).
-2
Evaluate 0 + -14 + (11 - (-6 + 11)).
-8
Calculate 3 - (-8 + 3) - (-4 - -9).
3
What is 5 + (3 + -6 - 6)?
-4
What is 0 + -5 - (7 + -20 - -8)?
0
What is -4 - -3 - (2 - (3 + -3))?
-3
Evaluate 1 - (0 + (-3 + 4 - -4)).
-4
Calculate -4 + 6 + (-4 - -4).
2
Calculate 2 + 5 + (-26 - -18).
-1
15 - (11 - (-6 + 9))
7
(6 - 10) + -4 + 3
-5
Evaluate -10 - -12 - (-1 - -12).
-9
What is 5 + (-9 + 12 - (0 - -3))?
5
What is the value of -2 + -2 - (-5 + (-5 - 0))?
6
Calculate -2 - (-1 - -9 - 0 - 3).
-7
What is the value of -4 + 4 + 1 + -6?
-5
Calculate 5 - -3 - (33 + -26).
1
What is the value of (-20 - -16) + -1 + 4?
-1
Evaluate -5 + 9 - (8 - 0).
-4
Calculate 1 - 2 - (4 - 1).
-4
Calculate 4 - ((4 - -3) + 0 - 0).
-3
Calculate -6 - -1 - (34 - 42).
3
Evaluate (-19 - -5) + 7 - (-4 + -1).
-2
What is 2 + (4 - 3 - 1)?
2
(1 - -1) + 5 - (-13 - -20)
0
2 - (-2 + 1 - (-6 + 3))
0
What is (-10 - -8) + -1 + 3?
0
Calculate 6 + 0 + (0 - 4 - -1).
3
Evaluate (6 - 2) + -6 - -3.
1
Evaluate -39 + 58 + (-12 - -1).
8
-3 - (5 - (7 + -3))
-4
1 + 1 + (-1 + -14 - -8)
-5
-3 + (5 - (2 + -4))
4
(10 - (13 - 11)) + -9
-1
What is (1 - 0) + 13 + -9?
5
What is -4 + 10 + 0 + -2?
4
What is the value of 2 + 3 + -5 - (7 + -7)?
0
What is (1 - 11 - 13) + 14?
-9
What is -2 + (-1 - -8) + -9?
-4
What is 1 + 11 - (-64 + 70) - -2?
8
What is 5 - (-4 - (-7 + 0))?
2
Evaluate (-5 - -2) + 3 - 2.
-2
What is -1 + (2 - (8 + -7))?
0
Evaluate 1 + -1 + (-1 - -8) + -7.
0
-6 - (1 - (-4 - -16))
5
What is 13 - 4 - (-3 - -9)?
3
Evaluate 3 + (0 - 2) - (19 + -23).
5
What is the value of -9 - (12 - (12 - -1))?
-8
-4 - (-3 - (2 + -4) - 1)
-2
What is (-2 - -3) + 3 - -1 - 9?
-4
2 + 0 + 6 + -5 + -2
1
What is -7 + 3 + (2 - -4 - -2)?
4
What is 24 + -17 - (7 + (1 - 3))?
2
-7 + 16 + (-5 - 4)
0
What is the value of (2 - 1 - (-4 - -3)) + -4?
-2
Calculate 4 + (4 - (1 + 5)) - 6.
-4
-5 + 3 + 0 + (32 - 23)
7
What is the value of 6 + (-5 - (-4 + -5 + 16))?
-6
What is (8 + -9 - (0 + 4)) + 3?
-2
What is the value of (29 - (-12 + 33)) + 0 + 2?
10
What is the value of -3 + (8 - (5 - 2))?
2
Evaluate 3 + (7 - 15) - -1.
-4
What is the value of (-3 - (-3 + 4) - -4) + 9?
9
0 + 1 + -8 + -4 + 12
1
What is -2 - -2 - (-2 - (0 + 0))?
2
Evaluate 7 - (8 - 8) - 9.
-2
Evaluate (2 - -2) + -3 + -2.
-1
Calculate (-4 - -2 - -6) + 0.
4
Evaluate (-3 - 2) + (2 + 2 - 0).
-1
What is the value of (-1 - -1) + 2 + 2 + -8?
-4
Evaluate 0 + (10 - (-1 + 6)) + -7.
-2
Calculate 4 - ((2 - -3) + 4).
-5
Evaluate (-2 + 3 - (-5 - -2)) + -7.
-3
Evaluate 11 + (-28 - -12) + 6 + -1.
0
Calculate 0 + (-3 - (-5 + 2)) + -3.
-3
What is -8 + (0 + 5 - -1)?
-2
Calculate 2 + (1 - (3 + 1)) + 5.
4
Evaluate 2 + (2 - 0 - (6 - 3)).
1
Calculate -1 + 1 - (-3 + 3).
0
What is -2 + (4 - 6) + 4 - -4?
4
Calculate (3 + -4 + -1 - 2) + 3.
-1
Evaluate -27 - -14 - (-1 - -2 - 7).
-7
130 + -140 + (1 - 0)
-9
-24 + 20 - ((0 - 8) + 0)
4
-5 + (0 - (7 - (4 + 2)))
-6
-8 + (9 + -1 - (-8 + 2))
6
Calculate -4 + 0 - (-80 - -81) - 2.
-7
What is the value of (-22 - -35) + -24 + 3?
-8
Evaluate -8 + 9 - (-4 + 2 - 1).
4
What is the value of (2 - (-3 - -2)) + 0 + -3?
0
What is the value of 5 + -5 + (32 - 39)?
-7
-5 - ((3 - 5) + -5) - 2
0
6 + (-7 - -2) + 3
4
Calculate 2 - (0 + 4 - 1).
-1
Calculate 4 + (-12 + 11 - -1).
4
-3 + 1 - (-2 - (-1 + -2))
-3
Calculate (1 - (-3 - -8)) + 10.
6
Evaluate ((4 - 5) + 1 - 4) + 8.
4
What is the value of 4 - 4 - (2 + -6)?
4
Evaluate 2 + 6 + (5 + -11 - -2).
4
Evaluate -1 + -1 + 9 - 2.
5
What is the value of 1 - (6 + 0 - -4 - 3)?
-6
What is the value of 1 + 5 + 0 - (202 + -198)?
2
10 + -8 - (3 + 1 + 0)
-2
What is the value of 4 + -2 + -8 + 3?
-3
-1 + 1 + 4 + 37 + -36
5
13 - (6 + -2) - 3
6
Calculate -4 + 4 + (-3 - -2).
-1
(3 - -1) + (-1 - -1)
4
Calculate 4 + -6 - (-1 + (1 - 3)).
1
Calculate 3 + 4 + -1 - 2.
4
What is (0 - 6) + 11 - 10?
-5
Calculate -49 - -50 - (3 + -2 + -2).
2
-3 + 6 - (-6 + 4)
5
Calculate (4 - 5 - -7) + -5.
1
What is (-8 - (-20 - -7)) + -2 + -9?
-6
1 + -8 - (-9 - -1 - -3)
-2
What is (1 + -7 - 1) + 12?
5
Evaluate 2 - (5 + 2) - -7.
2
Calculate 2 - (-1 - -4) - -4 - 5.
-2
What is (-1 - 2) + (-7 - -13) + -2?
1
What is 0 - ((6 - -1) + -5)?
-2
What is the value of -10 + 0 + (0 - -5)?
-5
-2 - (3 - 10 - 1)
6
Calculate 0 + 4 + (4 - 4).
4
Calculate 10 - (0 - -9) - 7.
-6
Calculate (5 - (5 - -1)) + -1 + 4.
2
Calculate 0 + -6 + 7 + -3 + 2.
0
Evaluate 2 + (4 - 6 - -6).
6
What is 13 + (3 - 3) + -7?
6
What is -1 + 26 - (12 + 2)?
11
What is the value of 7 + (-2 - (4 - 1)) + 3?
5
Calculate -13 + 0 - (76 - 85).
-4
What is the value of 9 + -12 + (4 - -1) + 4?
6
What is the value of (-4 - 4) + -3 + 5?
-6
What is the value of -6 + 1 + 4 + -6 + 4?
-3
What is (1 - (0 - 1)) + -1 + -4?
-3
What is -39 - -45 - (-1 - -2)?
5
Evaluate -3 - (-2 - 1) - (13 + -10).
-3
What is the value of (-4 - (-2 + 0)) + 72 + -68?
2
What is the value of -9 - (-3 - 10) - (-2 - -12)?
-6
What is -9 + 2 + (-4 - -16)?
5
What is 0 - (-12 - -7 - 0)?
5
Evaluate 3 + 0 + (1 - 10) + 7.
1
-56 + 48 - (1 + -12)
3
What is the value of 0 - (1 + 0 + -4)?
3
What is (2 - 4) + (-5 - -1)?
-6
Evaluate (-11 - (-11 + -8)) + -8.
0
(15 - 2) + -12 - -10
11
What is -4 - (3 - (-1 - -3))?
-5
-7 + (8 + -3 - 2)
-4
Evaluate -1 - 2 - (-1 + 4 + -11).
5
Evaluate 5 - (2 + (-5 - -8)).
0
What is -10 - -5 - -12 - 9?
-2
What is the value of -2 - ((-6 - -1) + 3)?
0
Evaluate 0 - (6 - (13 - 2)).
5
What is -4 + (0 + 5 + -9 - -8)?
0
Calculate -2 + (-3 - (0 - 3) - -5).
3
Evaluate 3 + (-1 - (-8 - -4)).
6
What is (13 - -3) + 4 - 12?
8
Evaluate (2 - 0) + 9 + -4 + -3.
4
Evaluate 0 - ((3 - -1) + (-6 - 1)).
3
What is the value of -1 + -3 - (-12 - (-8 - 1))?
-1
Evaluate -1 - (0 + -12 + 6 + 15).
-10
What is 4 + (3 - 2 - -3) - 7?
1
-11 + 13 + 12 - 17
-3
Evaluate (8 - (0 - 0)) + -4.
4
1 + -6 + -2 + 6
-1
Evaluate 9 + (-10 - (10 - 14)).
3
Evaluate 5 + -5 + (1 - 2).
-1
Calculate -2 - (-4 - ((-8 - -1) + 1)).
-4
What is (-3 + 1 - (-10 + -1)) + -5?
4
6 + 5 + -5 + -8
-2
(74 - 74) + (9 - 2)
7
Calculate -2 + (7 - 6) + 2.
1
Evaluate (-4 + (-4 - 0) - -7) + 4.
3
-3 + (2 - -4) + -5
-2
Evaluate -7 - (-5 + -5) - 4.
-1
(6 - 0) + (14 - 16) + -1
3
-1 - 3 - (-2 - (11 - 16))
-7
9 + -6 - (2 - (-2 - -4))
3
Calculate 6 - 2 - (1 - (3 + -1)).
5
What is the value of -3 + -1 - (10 + -20 - 0)?
6
Calculate (5 - (-1 - 0)) + -5.
1
What is the value of (-2 - (1 - 3)) + 1 + -6?
-5
What is the value of -1 - 14 - (188 + -198)?
-5
What is the value of 3 + 1 + -47 + 38?
-5
6 - 2 - (-5 + 0 - -10)
-1
Calculate 11 + -10 + (-2 - 2) + 0.
-3
0 + 3 + -1 + 1 - 9
-6
Evaluate -1 + 1 - -3 - (80 - 82).
5
1 - (-52 + 58 - (11 - 0))
6
(-4 - (5 + (-4 - 8))) + -9
-6
Evaluate (0 - 11) + 7 + (5 - 1).
0
What is -3 - (4 - -4 - 18)?
7
What is (9 - (-9 + 3)) + -8?
7
What is the value of (79 - 76) + 0 + 10 + -8?
5
Calculate 6 - (-2 + 8 - -1).
-1
What is 10 - 14 - (-2 + 6 + 1)?
-9
Evaluate -6 - (-15 + (-9 - -18)).
0
3 + -1 - (3 + (8 - 7))
-2
What is (5 - -1) + 7 - 5 - 5?
3
Evaluate 1 + 4 - (6 - (-4 + 9)).
4
What is the value of -1 + 0 + -5 - -5?
-1
Calculate 1 - 5 - (0 + -3).
-1
What is the value of -2 - -1 - 1 - (6 - 11)?
3
Calculat